te the highest common divisor of 11 and i.
11
Let x = 0 - 8. Let o be (-94)/x + 27/(-36). Let j be ((-22)/(-4))/(2/28). Calculate the highest common factor of j and o.
11
Let d = 5 - 1. Suppose 2*u - 2*t = -2*u + d, 0 = -4*u - 4*t + 16. Suppose -3*z + 3*b + 3 = -0*b, -z = -u*b - 1. Calculate the highest common divisor of 5 and z.
1
Suppose -a - 280 = -5*a. Suppose -h - 56 = h - 3*s, -4*h - 112 = 4*s. Let f = h - -56. What is the highest common divisor of f and a?
14
Let a = 7 + 2. Calculate the greatest common factor of 99 and a.
9
Suppose -5*n + 19 = -16. Let x(q) = q**2 - 6*q + 2. Let g be x(n). Calculate the highest common divisor of g and 1.
1
Let a(z) = z**2 + z + 2. Let d be a(3). Suppose -5*l - 3*q + 31 = -3*l, -3*l - 2*q + 44 = 0. What is the highest common factor of d and l?
14
Let o be (-28)/(-5) - (-4)/10. Let k = 7 - o. Suppose -4*n + n + 24 = 0. What is the greatest common divisor of k and n?
1
Let k = -7 - -9. Let j = 2 + k. What is the greatest common factor of j and 36?
4
Let r(q) = -q**2 - 3*q + 6. Let y be r(-4). Calculate the highest common factor of 14 and y.
2
Suppose 4*t + 5*s = 1089, -3*s - 451 + 1796 = 5*t. What is the greatest common divisor of t and 38?
38
Suppose 6 = j + 1. Suppose -6*w = 5*u - w - 300, w - 312 = -j*u. What is the greatest common factor of u and 9?
9
Let n = -1 + 13. Let k be (-2)/(1 - 13/n). Calculate the greatest common factor of 3 and k.
3
Let t(l) = 2*l - 3 - 3 + 17*l. Let s be t(6). What is the greatest common factor of 12 and s?
12
Suppose 4*b - 357 - 507 = 0. Calculate the greatest common divisor of b and 27.
27
Let r(s) = -s + 5. Let u be r(0). Suppose 3*p + 112 = u*p. Calculate the greatest common divisor of p and 7.
7
Let w = 2 + -2. Suppose -k - k + 100 = w. Suppose -s + 12 = 2. Calculate the greatest common divisor of k and s.
10
Let z = 0 - -9. Calculate the greatest common divisor of 3 and z.
3
Let p be (-9 - -7)/((-1)/10). What is the highest common factor of p and 220?
20
Suppose -d + 7 = -2*m, -d + 5*m = -5*d + 28. Let q(s) = 2*s**2 + 3*s + 2. Let a be q(-2). Suppose -d - 33 = -a*j. What is the highest common factor of j and 25?
5
Let j = 0 - -31. What is the highest common divisor of 62 and j?
31
Let y(q) = 6*q - 9 - 3*q**2 + 3*q**2 - q**3 - 7*q**2. Let m be y(-8). What is the highest common divisor of 1 and m?
1
Let f = -58 - -60. Let r = -3 + 6. What is the greatest common divisor of f and r?
1
Let t(n) = n**2 - 3*n + 3. Let k be t(3). Let l(j) = j**2 - 6*j + 3. Let w be l(6). What is the highest common factor of k and w?
3
Let p = 162 + -96. What is the highest common divisor of p and 33?
33
Let m(r) = -r**3 + 18*r**2 - 22*r. Let i be m(16). Let g(s) = 5*s**2 + s - 2. Let v be g(2). Calculate the greatest common factor of v and i.
20
Suppose 2*z = f + 3, -5 - 8 = -4*f + 3*z. What is the highest common divisor of 63 and f?
7
Suppose 5*s = 11 - 56. Let u be s/(-6)*2 - -12. Calculate the greatest common factor of u and 3.
3
Suppose -123 = -5*m + z, 2*m = 2*z - 0*z + 54. What is the greatest common factor of m and 36?
12
Let n be (-312)/(-20) - (-4)/10. Calculate the greatest common factor of n and 128.
16
Let d be ((-1)/(-2))/(2/112). Calculate the highest common divisor of d and 42.
14
Suppose -4*v = -43 - 597. Let s = 18 - -2. Calculate the highest common divisor of v and s.
20
Let b be (1 + -3*2)*25. Let l = b + 216. Calculate the greatest common divisor of l and 13.
13
Let j = -41 - -69. Suppose -15 = -2*v - v. Suppose 0 = 2*w + 3*k - 191, -j - 35 = -w + v*k. What is the highest common divisor of 8 and w?
8
Suppose 4*k + 0*t - 37 = -t, -3*k = -3*t - 9. Calculate the greatest common factor of k and 56.
8
Let d(l) = 6*l**2 - 1. Let i be d(1). Let j = 7 - i. Suppose t + 2*m = 56, 2*t - 106 = -0*m - j*m. Calculate the highest common divisor of 20 and t.
10
Let u(k) = 26*k + 8. Let p be u(4). Calculate the highest common divisor of 14 and p.
14
Let w be ((-11)/22)/(1/(-80)). Calculate the highest common factor of 10 and w.
10
Let l be (1 + 0)*(-4 - -1). Suppose 0 = -2*z - 0*g + 3*g, -5*z - 3*g = -42. Let h = z + l. Calculate the greatest common divisor of h and 33.
3
Let p be (3/(-6))/(1/(-4)). Let t = -15 + 27. Calculate the highest common factor of t and p.
2
Let b = 3 - 2. Let q(a) = 3*a**3 + a**2 - a. Let n be q(1). Let y be 39 + (-2 + n)*b. Calculate the highest common divisor of y and 5.
5
Let n = -68 - -113. What is the highest common factor of 30 and n?
15
Let c = -5 - -5. Suppose 470 = 5*d - 5*b, c = -b + 1 - 0. What is the greatest common factor of d and 38?
19
Suppose -4*o - 134 = -c - 39, -c + 77 = 5*o. Let w = -32 + c. Let f be 35/3 - 4/6. What is the highest common divisor of w and f?
11
Let l = -54 + 107. Suppose 2*v - 5*c = l, -v = 3*v + 5*c - 91. Calculate the greatest common divisor of 60 and v.
12
Suppose -2*v + 1 + 7 = 0. Calculate the highest common divisor of 6 and v.
2
Let c(s) = -s**3 + 2*s**2 + 3*s + 1. Let r be c(-2). Calculate the highest common divisor of 99 and r.
11
Let z be (2/(-3))/((-8)/36). Let w(g) = g**3 - 5*g**2 + 8*g - 7. Let f be w(5). What is the greatest common factor of f and z?
3
Let k = -10 - -16. Suppose k*s = s - 5. Let i(d) = -71*d + 1. Let f be i(s). Calculate the highest common factor of 8 and f.
8
Let o = -115 - -226. Suppose 5*q - 57 - o = -4*m, 4*q + 4*m - 132 = 0. What is the highest common factor of q and 12?
12
Suppose 5*h = -15, -v - v = 5*h + 9. Let k = -168 + 180. What is the greatest common divisor of k and v?
3
Let b(a) = -a**2 + 11*a + 2. Let j(t) = t**2 - 2*t - 5. Let l be j(5). Let f be b(l). Calculate the greatest common factor of f and 30.
6
Let s = 4 - -10. Let z be (4 + -2)/(2/s). Let j(o) = 2*o**3 - 4*o**2 - 4*o - 4. Let m be j(5). What is the greatest common factor of z and m?
14
Suppose -350 = -7*y + 2*y. Calculate the highest common factor of y and 28.
14
Suppose -190 = 11*r - 16*r. Let v = 60 - r. Calculate the highest common factor of 198 and v.
22
Let x = 5 - -5. Calculate the greatest common factor of x and 40.
10
Let l(d) = -d + 3. Let v be l(-7). Suppose o - v = -o. Let s be 3/o*15/1. What is the highest common divisor of s and 99?
9
Suppose -2*h + 235 + 115 = 0. What is the greatest common factor of h and 25?
25
Let h = 21 + -29. Let f be 0 + -12 + (-2)/(-2). Let p = h - f. What is the greatest common divisor of 9 and p?
3
Let r = -7 - -14. Let h = r + -2. Suppose -h*g = 5, -55 = -4*u - 3*g + 162. What is the greatest common factor of u and 11?
11
Let k(v) be the first derivative of -v**4/4 + 2*v**3 + 9*v**2/2 - 8*v - 3. Let z be k(7). What is the greatest common factor of z and 42?
6
Let t(m) = -m**2 + 3*m - 4. Let w be t(3). Let d(i) = -i**3 - 2*i**2 - 5*i + 4. Let a be d(w). Calculate the highest common divisor of 7 and a.
7
Let w(n) = 2 - 4*n**3 + n**2 + 0*n**2 + n**3 + 3*n. Let x be w(-2). Let b = x - -11. Calculate the greatest common factor of b and 7.
7
Suppose -6*x - 2*k = -x + 185, 3*x - 3*k + 111 = 0. Let v = x - -57. What is the greatest common factor of 5 and v?
5
Let p = -53 + 101. Let h be -33*((-2)/3)/2. Let l(f) = -f**3 + 12*f**2 - 8*f - 1. Let n be l(h). What is the highest common factor of p and n?
16
Let y be 2 + -28*(-2 + 1). Suppose 0*f + y = 5*f. Calculate the highest common factor of f and 15.
3
Let s be 4/(-2) - -1 - -21. Suppose t = 4*t - 3*v - 15, -2*v = 10. Suppose 2*i - 3*i + s = t. Calculate the highest common divisor of i and 8.
4
Let p be (-1092)/(-90) - 2/15. Calculate the greatest common divisor of p and 84.
12
Let y = 71 - 63. Calculate the highest common divisor of 32 and y.
8
Let c(b) = 39*b**2 + 1. Let j be c(-1). Let v = 69 - j. Calculate the greatest common factor of 261 and v.
29
Suppose 61 = 2*j - 37. Let g be (-8 - -7)/(1/(-7)). What is the greatest common factor of j and g?
7
Suppose 4*w = 4*a + 620, 0 = -6*w + 3*w - a + 461. What is the highest common divisor of 22 and w?
22
Suppose -3*k = 4 - 1, 0 = -3*v - k + 197. Suppose 4*m - 8 - 16 = 0. What is the greatest common factor of m and v?
6
Let f(h) = -5*h. Let k = 4 + -5. Let a be f(k). What is the greatest common divisor of a and 5?
5
Suppose -2*u = -2*v + 75 - 235, -5*u + 2*v + 385 = 0. Calculate the highest common factor of 15 and u.
15
Suppose 5*t = t. Suppose t*z = -z. Let n be 0 + 21 + z/(-1). Calculat